(-5)/((-10)/162) - -2. Let p = 164 - s. What is the units digit of p?
1
Let q(d) = 7*d + 25. Suppose 0 = 2*w - s - 10, 0 = -s - 1 - 1. What is the units digit of q(w)?
3
Suppose 20630 = 17*m - 28619. What is the thousands digit of m?
2
Let k = -10 + 8. What is the hundreds digit of (-240)/9*(k + (-56)/20)?
1
Let u = 2 - 12. Let w = 13 + u. Suppose 3*z = -3*q + 75, w + 26 = q - 3*z. What is the tens digit of q?
2
Suppose -4*s + 4*n + 1586 = -1410, 4*s - 3021 = -n. What is the units digit of s?
4
Let b(t) = 3*t**2 + 5*t + 4*t - 4*t**2 + 1 - 7. Let i be b(7). Suppose g = -3*d + i, -5*g + 29 - 9 = -5*d. What is the units digit of d?
1
Suppose -4*q = -4*i - 316, 6*q - 383 = q + 2*i. Let h = q - 64. What is the tens digit of h?
1
Let p be ((-160)/(-25) - 6)/(2/530). Suppose -4*t = -6*t + p. What is the tens digit of t?
5
Let i(k) = 5*k**3 - 3*k**2 + 3*k - 3. Let q = -5 + 41. Let j be 8/(-20) + q/15. What is the units digit of i(j)?
1
Let z(f) be the second derivative of 17*f**4/12 - f**3/6 - f**2/2 + 4*f. Let w be z(-3). Suppose -w = -9*i + 4*i. What is the units digit of i?
1
Let r = -1480 - -2131. What is the hundreds digit of r?
6
Suppose 5*g + 86*q = 81*q + 19705, -3*g = -q - 11839. What is the units digit of g?
5
Let j = 20 - 17. Suppose j*x = -x + 300. Suppose -2*p + 5*p = x. What is the units digit of p?
5
Let y be 3 + (-1)/((-3 + 6)/(-519)). Suppose -3*m = 3*a - 273, -4*m - 3*a + y = -192. What is the units digit of m?
5
What is the tens digit of (-42)/(0 + 378/(-60) + 6)?
4
Let s = -122 - -130. Suppose 2*r - s = 0, 7*o + r = 2*o + 389. What is the tens digit of o?
7
Let z = 25 + -185. Let k = 279 + z. What is the hundreds digit of k?
1
Let m(z) = 4*z**3 - 3*z**2 + 2*z. Let c be m(2). Suppose 0*w - 4*w + c = 0. Let y = w - 3. What is the units digit of y?
3
Let i be (-4)/6 + 1 - (-16)/6. Suppose 4*y + 271 = 5*g + i*y, -4*g + 5*y + 221 = 0. What is the tens digit of g?
5
Suppose 3*o = 12*o - 1629. What is the units digit of o?
1
Let l = 2256 - 285. What is the hundreds digit of l?
9
Let m(g) be the first derivative of -7*g**2/2 + g - 2. What is the tens digit of m(-5)?
3
Suppose -3*w = 5*d + 15, 0*w - 35 = 5*d - w. Let g(q) = q. Let u(r) = r**2 + 6*r - 1. Let a(x) = -2*g(x) + u(x). What is the units digit of a(d)?
1
Suppose -2*n = -920 + 330. What is the tens digit of n?
9
Suppose 0 = 5*l + 9 - 29. Let i(d) = d**2 + 13*d + 24. Let x be i(-11). Suppose 2*p = -l*v + 10, 23 = 3*p - 0*v - x*v. What is the units digit of p?
7
Suppose -15*z + 12*z = -1155. What is the hundreds digit of z?
3
Suppose 0 = 7*u + 4 + 10. What is the tens digit of 77 + ((-9)/18)/(u/(-12))?
7
Let b(r) = r**3 - 3*r**2 - 4*r + 13. Let p = -135 - -142. What is the hundreds digit of b(p)?
1
Let n(x) = -x**2 + 6*x - 9. Let z be n(5). What is the tens digit of 67 + (0/z - 0)?
6
Let v be ((-30)/(-60))/(0 - (-1)/876). Suppose -448 = -4*c + 4*m, -4*c + v = -0*m - 2*m. What is the units digit of c?
7
What is the units digit of 15/(-5)*((-872)/3)/4?
8
Let f(i) = i**3 - 9*i**2 + 10*i - 16. Let m be f(8). Suppose -4*s + 109 + 187 = m. What is the units digit of s?
4
Suppose -5*x + 4*k = -19, 3*x - 5*k = -4*k + 10. Suppose x*w - 135 = -2*w. Let h = -14 + w. What is the units digit of h?
3
Suppose -5*y - 5 = -o, -4*y + o = -2*o - 7. What is the units digit of 102/12 + (-1)/y?
9
Suppose u + 4*f = -11, -2*u + u + 1 = f. Suppose 4*s + 15 = -g, -u*g + s + 7 = -2*g. What is the units digit of g*-3 - (3 - 65)?
9
Let z = 22 - 23. What is the tens digit of (-1 - 0)/(z/37)?
3
Suppose -4*c = -s + 19, -5*c - 10 = -5*s + 25. Let l(t) = 7*t + 5*t - 3 - 4*t. What is the units digit of l(s)?
1
Let i = -1011 + 1736. What is the hundreds digit of i?
7
Let k = -773 + 1088. What is the tens digit of k?
1
Suppose -n - 7 = -4, -9791 = -5*g - 3*n. What is the tens digit of g?
6
Let b = -20 + 11. Let w = 12 + b. Suppose w*t = 1 + 2. What is the units digit of t?
1
Suppose 2380 = -12*m + 7*m. What is the tens digit of 4*m/32*-2?
1
Suppose -3*j + 8*j - 1125 = 0. What is the tens digit of j?
2
Suppose -3*y + 27 = n, -2 = n - 2*y - 4. Suppose 8 = 3*r + h, -3*r + h = 2 - n. What is the units digit of r/4 + 85/4?
2
Let v(r) = -3*r**2 + r**2 + 4 - 2*r**3 - r + 2*r. What is the units digit of v(-4)?
6
Let a(w) = 2*w**2 - 14*w - 5. Let t be a(6). Let q(x) = -2*x**2 - 43*x - 40. What is the hundreds digit of q(t)?
1
Suppose -2*c + 64 = -3*o, 6*o + 39 = c + o. Suppose 27*d + 108 = c*d. What is the tens digit of d?
5
Let k(z) be the second derivative of 21/2*z**2 + 4*z - 1/12*z**4 + 1/6*z**3 + 0. What is the units digit of k(0)?
1
Let x = 276 - 91. Let h = x - -2. What is the tens digit of h?
8
Let r = 11 - 22. Let y = r + 12. Let b(l) = 10*l + 2. What is the units digit of b(y)?
2
Suppose 2*h + 52 = 2*x, -38 = -4*x - 2*h + 72. Suppose 0 = -c + 1 + 4. Let b = x - c. What is the units digit of b?
2
Suppose 2*u = -4*u + 300. Suppose u = d - 5. What is the units digit of d?
5
Suppose 42*q - 45*q = -6. Suppose -q*m + 70 = -4*v, 4*m - 4*v - 143 = v. What is the units digit of m?
7
Suppose 0 = -4*d + 26 - 10. Suppose 5*p + 1 = d*p. What is the units digit of (p - -4 - 0)*1?
3
Let i be ((-4)/(-5))/(26/65). Suppose 0 = u + n + 3, 3*n = 4*u - i - 7. Suppose 4*q - 16 - 64 = u. What is the tens digit of q?
2
Let f be (46/4*-2)/1. Let w = f - -25. Suppose -w*a + 14 = -10. What is the units digit of a?
2
Let k(j) = -j**3 - j**2 + 2*j + 3. Suppose 0 = 6*c - c + 10. Let o be k(c). Suppose -s = 0, 3*y - 81 = -o*s + s. What is the units digit of y?
7
Suppose 4*z - 208 = 160. Suppose z = 4*l - 60. What is the tens digit of 3 + l + -4 + 3?
4
Suppose -5*c + 2*c + 51 = 0. Let v = c + -14. Suppose -v*f + 32 + 28 = 0. What is the units digit of f?
0
Let b = -1 - -4. Suppose -b*w + 5*x - 14 = 0, w - 5*x = -w - 16. Suppose -w*c = -3*n + 58, -3*n = -8*n + 2*c + 90. What is the tens digit of n?
1
Suppose 2*g = 5*g + 3, -5*f + 5*g = -5. Let n(w) = -w**2 - 7 + f*w - 8*w - 3*w. What is the tens digit of n(-8)?
1
Let f be (2 - 0) + -1 + 4. Suppose 2*c + f = 11. Suppose c*m + 53 = z, m = -2*z - 0*m + 127. What is the units digit of z?
2
Let b(q) = -q**3 + 5*q**2 - 3*q + 6. Let s be b(4). Suppose -s*j - 276 = -13*j. What is the units digit of j?
2
Let w = 881 + -545. What is the hundreds digit of w?
3
Let n(h) = 542*h - 13. What is the tens digit of n(1)?
2
Let c(g) be the first derivative of g**2 - 6*g + 4. What is the units digit of c(7)?
8
Suppose 0 = -u + 5*d + 466, 6*d - 446 = -u + d. What is the units digit of u?
6
Let n(x) = -x**3 - 10*x**2 + 14*x + 15. Let m be n(-14). Suppose -m = -9*c + 243. What is the tens digit of c?
9
Suppose -v + 11 = 4*k, k - 2*v = -2*k + 22. Suppose k*z - 12 = 68. Suppose 3*u + 2*u = z. What is the units digit of u?
4
What is the hundreds digit of (5 + -6)/((-3)/504)?
1
Let g = 3777 + -2519. What is the thousands digit of g?
1
Let v(x) = -x**3 - 8*x**2 - 1. Let b be v(-8). Let c = b + 3. Suppose 14 = -c*d + 80. What is the tens digit of d?
3
Let f(h) = 62*h**2 + h - 1. Let x be f(1). Let l = 307 - x. Suppose -5*d + l = 50. What is the units digit of d?
9
Let t(m) = 2*m**3 - 2*m**2 - 3*m + 6. Let d be t(2). Suppose 0 = w - 4 + 9. Let l = d + w. What is the units digit of l?
3
Let n(f) = 2*f - 11. Let j be n(8). Let u(v) = v**2 - 4*v - 3. Let o be u(j). What is the tens digit of (-149)/(-4) - o/8?
3
Suppose -5*w + 1964 = -3*h - 236, -428 = -w + 3*h. Let f = w - 226. What is the hundreds digit of f?
2
Let v = 37 + -34. Suppose 4*n = v*h + 3*n - 698, 0 = n - 1. What is the tens digit of h?
3
Suppose -3 - 8 = -4*g + d, -3*g - 9 = 5*d. Let q be -8 + 5 - g*11. What is the tens digit of (-845)/q - 2/(-10)?
3
Let x(f) be the third derivative of 5/24*f**4 + 0 + 0*f - 1/3*f**3 - f**2. What is the units digit of x(9)?
3
Let d be ((-198)/11)/((-2)/(-19)). What is the units digit of (-4)/(-18) + (-9025)/d?
3
Let n(a) = a**2 - 3*a - 13. Let c be n(-3). Let q be 10/25 - (-308)/5. Suppose 4*m - c*h = 126, -3*h = 2*m - 4*m + q. What is the units digit of m?
4
Suppose 392 - 1017 = -5*v. What is the hundreds digit of (v*(-5 + 4))/(-1)?
1
Let z = 18 + 8. Let k = -24 + z. Suppose 0 = -k*n + 92 + 8. What is the units digit of n?
0
Let k = -11 + 7. Let h be (-6)/4*(-26 + k). Suppose 0*x - 5*x + h = 0. What is the units digit of x?
9
Let b